{"id":47,"date":"2017-08-06T18:02:25","date_gmt":"2017-08-06T16:02:25","guid":{"rendered":"http:\/\/127.0.0.1\/Wordpress\/?page_id=47"},"modified":"2018-01-12T17:06:52","modified_gmt":"2018-01-12T15:06:52","slug":"turnier-2","status":"publish","type":"page","link":"http:\/\/www.stgeorg-burgdorf.de\/?page_id=47","title":{"rendered":"Turnier 2017"},"content":{"rendered":"<h3>Gro\u00dfes Turnier vom 26. &#8211; 28. Mai 2017<\/h3>\n<p><span style=\"font-family: sans-serif; font-size: small;\">Ende Mai 2017 standen bei uns wieder spannende\u00a0<\/span><span style=\"font-family: sans-serif; font-size: small;\">Turniertage auf dem Programm. Von<\/span><span style=\"font-family: sans-serif; font-size: small;\">\u00a0der F\u00fchrz\u00fcgelklasse bis hin zu Dressurpr\u00fcfungen der Klasse L* &amp; Springpr\u00fcfungen der Klasse S mit Stechen.<\/span><\/p>\n<p><a href=\"http:\/\/www.loesdau.de\/\">http:\/\/www.loesdau.de\/<\/a><\/p>\n<div id='gallery-1' class='gallery galleryid-47 gallery-columns-3 gallery-size-thumbnail'><figure class='gallery-item'>\n\t\t\t<div class='gallery-icon portrait'>\n\t\t\t\t<a href='http:\/\/www.stgeorg-burgdorf.de\/?attachment_id=354'><img loading=\"lazy\" decoding=\"async\" width=\"150\" height=\"150\" src=\"http:\/\/www.stgeorg-burgdorf.de\/wp-content\/uploads\/2014\/04\/IMG_3362-150x150.jpg\" class=\"attachment-thumbnail size-thumbnail\" alt=\"\" \/><\/a>\n\t\t\t<\/div><\/figure><figure class='gallery-item'>\n\t\t\t<div class='gallery-icon portrait'>\n\t\t\t\t<a href='http:\/\/www.stgeorg-burgdorf.de\/?attachment_id=355'><img loading=\"lazy\" decoding=\"async\" width=\"150\" height=\"150\" src=\"http:\/\/www.stgeorg-burgdorf.de\/wp-content\/uploads\/2014\/04\/IMG_3401-150x150.jpg\" class=\"attachment-thumbnail size-thumbnail\" alt=\"\" \/><\/a>\n\t\t\t<\/div><\/figure><figure class='gallery-item'>\n\t\t\t<div class='gallery-icon portrait'>\n\t\t\t\t<a href='http:\/\/www.stgeorg-burgdorf.de\/?attachment_id=353'><img loading=\"lazy\" decoding=\"async\" width=\"150\" height=\"150\" src=\"http:\/\/www.stgeorg-burgdorf.de\/wp-content\/uploads\/2014\/04\/IMG_3347-150x150.jpg\" class=\"attachment-thumbnail size-thumbnail\" alt=\"\" \/><\/a>\n\t\t\t<\/div><\/figure><figure class='gallery-item'>\n\t\t\t<div class='gallery-icon portrait'>\n\t\t\t\t<a href='http:\/\/www.stgeorg-burgdorf.de\/?attachment_id=352'><img loading=\"lazy\" decoding=\"async\" width=\"150\" height=\"150\" src=\"http:\/\/www.stgeorg-burgdorf.de\/wp-content\/uploads\/2014\/04\/IMG_3327-150x150.jpg\" class=\"attachment-thumbnail size-thumbnail\" alt=\"\" \/><\/a>\n\t\t\t<\/div><\/figure><figure class='gallery-item'>\n\t\t\t<div class='gallery-icon landscape'>\n\t\t\t\t<a href='http:\/\/www.stgeorg-burgdorf.de\/?attachment_id=351'><img loading=\"lazy\" decoding=\"async\" width=\"150\" height=\"150\" src=\"http:\/\/www.stgeorg-burgdorf.de\/wp-content\/uploads\/2014\/04\/IMG_3273-150x150.jpg\" class=\"attachment-thumbnail size-thumbnail\" alt=\"\" \/><\/a>\n\t\t\t<\/div><\/figure><figure class='gallery-item'>\n\t\t\t<div class='gallery-icon portrait'>\n\t\t\t\t<a href='http:\/\/www.stgeorg-burgdorf.de\/?attachment_id=350'><img loading=\"lazy\" decoding=\"async\" width=\"150\" height=\"150\" src=\"http:\/\/www.stgeorg-burgdorf.de\/wp-content\/uploads\/2014\/04\/IMG_3253-150x150.jpg\" class=\"attachment-thumbnail size-thumbnail\" alt=\"\" \/><\/a>\n\t\t\t<\/div><\/figure><figure class='gallery-item'>\n\t\t\t<div class='gallery-icon landscape'>\n\t\t\t\t<a href='http:\/\/www.stgeorg-burgdorf.de\/?attachment_id=349'><img loading=\"lazy\" decoding=\"async\" width=\"150\" height=\"150\" src=\"http:\/\/www.stgeorg-burgdorf.de\/wp-content\/uploads\/2014\/04\/IMG_3203-150x150.jpg\" class=\"attachment-thumbnail size-thumbnail\" alt=\"\" \/><\/a>\n\t\t\t<\/div><\/figure><figure class='gallery-item'>\n\t\t\t<div class='gallery-icon landscape'>\n\t\t\t\t<a href='http:\/\/www.stgeorg-burgdorf.de\/?attachment_id=348'><img loading=\"lazy\" decoding=\"async\" width=\"150\" height=\"150\" src=\"http:\/\/www.stgeorg-burgdorf.de\/wp-content\/uploads\/2014\/04\/IMG_3184-150x150.jpg\" class=\"attachment-thumbnail size-thumbnail\" alt=\"\" \/><\/a>\n\t\t\t<\/div><\/figure><figure class='gallery-item'>\n\t\t\t<div class='gallery-icon landscape'>\n\t\t\t\t<a href='http:\/\/www.stgeorg-burgdorf.de\/?attachment_id=347'><img loading=\"lazy\" decoding=\"async\" width=\"150\" height=\"150\" src=\"http:\/\/www.stgeorg-burgdorf.de\/wp-content\/uploads\/2014\/04\/IMG_3152-150x150.jpg\" class=\"attachment-thumbnail size-thumbnail\" alt=\"\" \/><\/a>\n\t\t\t<\/div><\/figure><figure class='gallery-item'>\n\t\t\t<div class='gallery-icon landscape'>\n\t\t\t\t<a href='http:\/\/www.stgeorg-burgdorf.de\/?attachment_id=346'><img loading=\"lazy\" decoding=\"async\" width=\"150\" height=\"150\" src=\"http:\/\/www.stgeorg-burgdorf.de\/wp-content\/uploads\/2014\/04\/IMG_3132-150x150.jpg\" class=\"attachment-thumbnail size-thumbnail\" alt=\"\" \/><\/a>\n\t\t\t<\/div><\/figure><figure class='gallery-item'>\n\t\t\t<div class='gallery-icon landscape'>\n\t\t\t\t<a href='http:\/\/www.stgeorg-burgdorf.de\/?attachment_id=345'><img loading=\"lazy\" decoding=\"async\" width=\"150\" height=\"150\" src=\"http:\/\/www.stgeorg-burgdorf.de\/wp-content\/uploads\/2014\/04\/IMG_3083-150x150.jpg\" class=\"attachment-thumbnail size-thumbnail\" alt=\"\" \/><\/a>\n\t\t\t<\/div><\/figure><figure class='gallery-item'>\n\t\t\t<div class='gallery-icon portrait'>\n\t\t\t\t<a href='http:\/\/www.stgeorg-burgdorf.de\/?attachment_id=344'><img loading=\"lazy\" decoding=\"async\" width=\"150\" height=\"150\" src=\"http:\/\/www.stgeorg-burgdorf.de\/wp-content\/uploads\/2014\/04\/171704-263-150x150.jpg\" class=\"attachment-thumbnail size-thumbnail\" alt=\"\" \/><\/a>\n\t\t\t<\/div><\/figure><figure class='gallery-item'>\n\t\t\t<div class='gallery-icon portrait'>\n\t\t\t\t<a href='http:\/\/www.stgeorg-burgdorf.de\/?attachment_id=343'><img loading=\"lazy\" decoding=\"async\" width=\"150\" height=\"150\" src=\"http:\/\/www.stgeorg-burgdorf.de\/wp-content\/uploads\/2014\/04\/171704-257-150x150.jpg\" class=\"attachment-thumbnail size-thumbnail\" alt=\"\" \/><\/a>\n\t\t\t<\/div><\/figure><figure class='gallery-item'>\n\t\t\t<div class='gallery-icon portrait'>\n\t\t\t\t<a href='http:\/\/www.stgeorg-burgdorf.de\/?attachment_id=342'><img loading=\"lazy\" decoding=\"async\" width=\"150\" height=\"150\" src=\"http:\/\/www.stgeorg-burgdorf.de\/wp-content\/uploads\/2014\/04\/171704-123-150x150.jpg\" class=\"attachment-thumbnail size-thumbnail\" alt=\"\" \/><\/a>\n\t\t\t<\/div><\/figure><figure class='gallery-item'>\n\t\t\t<div class='gallery-icon landscape'>\n\t\t\t\t<a href='http:\/\/www.stgeorg-burgdorf.de\/?attachment_id=341'><img loading=\"lazy\" decoding=\"async\" width=\"150\" height=\"150\" src=\"http:\/\/www.stgeorg-burgdorf.de\/wp-content\/uploads\/2014\/04\/171703-719-150x150.jpg\" class=\"attachment-thumbnail size-thumbnail\" alt=\"\" \/><\/a>\n\t\t\t<\/div><\/figure><figure class='gallery-item'>\n\t\t\t<div class='gallery-icon landscape'>\n\t\t\t\t<a href='http:\/\/www.stgeorg-burgdorf.de\/?attachment_id=340'><img loading=\"lazy\" decoding=\"async\" width=\"150\" height=\"150\" src=\"http:\/\/www.stgeorg-burgdorf.de\/wp-content\/uploads\/2014\/04\/171703-486-150x150.jpg\" class=\"attachment-thumbnail size-thumbnail\" alt=\"\" \/><\/a>\n\t\t\t<\/div><\/figure><figure class='gallery-item'>\n\t\t\t<div class='gallery-icon landscape'>\n\t\t\t\t<a href='http:\/\/www.stgeorg-burgdorf.de\/?attachment_id=339'><img loading=\"lazy\" decoding=\"async\" width=\"150\" height=\"150\" src=\"http:\/\/www.stgeorg-burgdorf.de\/wp-content\/uploads\/2014\/04\/171703-059-150x150.jpg\" class=\"attachment-thumbnail size-thumbnail\" alt=\"\" \/><\/a>\n\t\t\t<\/div><\/figure><figure class='gallery-item'>\n\t\t\t<div class='gallery-icon landscape'>\n\t\t\t\t<a href='http:\/\/www.stgeorg-burgdorf.de\/?attachment_id=338'><img loading=\"lazy\" decoding=\"async\" width=\"150\" height=\"150\" src=\"http:\/\/www.stgeorg-burgdorf.de\/wp-content\/uploads\/2014\/04\/171702-541-150x150.jpg\" class=\"attachment-thumbnail size-thumbnail\" alt=\"\" \/><\/a>\n\t\t\t<\/div><\/figure><figure class='gallery-item'>\n\t\t\t<div class='gallery-icon landscape'>\n\t\t\t\t<a href='http:\/\/www.stgeorg-burgdorf.de\/?attachment_id=337'><img loading=\"lazy\" decoding=\"async\" width=\"150\" height=\"150\" src=\"http:\/\/www.stgeorg-burgdorf.de\/wp-content\/uploads\/2014\/04\/171702-473-150x150.jpg\" class=\"attachment-thumbnail size-thumbnail\" alt=\"\" \/><\/a>\n\t\t\t<\/div><\/figure><figure class='gallery-item'>\n\t\t\t<div class='gallery-icon landscape'>\n\t\t\t\t<a href='http:\/\/www.stgeorg-burgdorf.de\/?attachment_id=336'><img loading=\"lazy\" decoding=\"async\" width=\"150\" height=\"150\" src=\"http:\/\/www.stgeorg-burgdorf.de\/wp-content\/uploads\/2014\/04\/171701-253-150x150.jpg\" class=\"attachment-thumbnail size-thumbnail\" alt=\"\" \/><\/a>\n\t\t\t<\/div><\/figure>\n\t\t<\/div>\n\n<p><a href=\" http:\/\/www.kraemer-pferdesport.de\/websale7\/?shopid=kraemer-pferdesport&amp;ref=Sponsoring\/St.GeorgBurgdorf_16\"><img loading=\"lazy\" decoding=\"async\" class=\" size-medium wp-image-313 aligncenter\" src=\"http:\/\/www.stgeorg-burgdorf.de\/wp-content\/uploads\/2014\/04\/Kraemer_Logo_quer-300x74.jpg\" alt=\"Kraemer_Logo_quer\" width=\"300\" height=\"74\" srcset=\"http:\/\/www.stgeorg-burgdorf.de\/wp-content\/uploads\/2014\/04\/Kraemer_Logo_quer-300x74.jpg 300w, http:\/\/www.stgeorg-burgdorf.de\/wp-content\/uploads\/2014\/04\/Kraemer_Logo_quer.jpg 921w\" sizes=\"(max-width: 300px) 100vw, 300px\" \/><\/a><\/p>\n<table style=\"line-height: 1.5;\" border=\"0\">\n<tbody>\n<tr>\n<td><a href=\"http:\/\/www.pferdedecken-shop.de\/shop\/pferdedecken\/fliegendecken\/index.php\"><img loading=\"lazy\" decoding=\"async\" class=\"wp-image-144 size-full\" src=\"http:\/\/www.stgeorg-burgdorf.de\/wp-content\/uploads\/2014\/04\/h7-banner.jpg\" alt=\"Wirksamer Schutz vor Fliegen\" width=\"240\" height=\"114\" \/><\/a> <a href=\"http:\/\/www.pferdedecken-shop.de\/shop\/pferdedecken\/fliegendecken\/index.php\">Wirksamer Schutz vor Fliegen<\/a><\/td>\n<td><a href=\"http:\/\/www.clipmyhorse.tv\/de\/\" target=\"_blank\"><img loading=\"lazy\" decoding=\"async\" class=\"alignright wp-image-241\" src=\"http:\/\/www.stgeorg-burgdorf.de\/wp-content\/uploads\/2014\/04\/Logo_Vor-Ort_transparent1-300x105.png\" alt=\"Logo_'Vor-Ort'_transparent\" width=\"300\" height=\"154\" \/><\/a><\/td>\n<\/tr>\n<\/tbody>\n<\/table>\n<p>&nbsp;<\/p>\n<p>&nbsp;<\/p>\n","protected":false},"excerpt":{"rendered":"<p>Gro\u00dfes Turnier vom 26. &#8211; 28. Mai 2017 Ende Mai 2017 standen bei uns wieder spannende\u00a0Turniertage auf dem Programm. Von\u00a0der F\u00fchrz\u00fcgelklasse bis hin zu Dressurpr\u00fcfungen der Klasse L* &amp; Springpr\u00fcfungen der Klasse S mit Stechen. http:\/\/www.loesdau.de\/ Wirksamer Schutz vor Fliegen &nbsp; &nbsp;<\/p>\n","protected":false},"author":3,"featured_media":334,"parent":132,"menu_order":1,"comment_status":"closed","ping_status":"closed","template":"","meta":{"footnotes":""},"_links":{"self":[{"href":"http:\/\/www.stgeorg-burgdorf.de\/index.php?rest_route=\/wp\/v2\/pages\/47"}],"collection":[{"href":"http:\/\/www.stgeorg-burgdorf.de\/index.php?rest_route=\/wp\/v2\/pages"}],"about":[{"href":"http:\/\/www.stgeorg-burgdorf.de\/index.php?rest_route=\/wp\/v2\/types\/page"}],"author":[{"embeddable":true,"href":"http:\/\/www.stgeorg-burgdorf.de\/index.php?rest_route=\/wp\/v2\/users\/3"}],"replies":[{"embeddable":true,"href":"http:\/\/www.stgeorg-burgdorf.de\/index.php?rest_route=%2Fwp%2Fv2%2Fcomments&post=47"}],"version-history":[{"count":59,"href":"http:\/\/www.stgeorg-burgdorf.de\/index.php?rest_route=\/wp\/v2\/pages\/47\/revisions"}],"predecessor-version":[{"id":488,"href":"http:\/\/www.stgeorg-burgdorf.de\/index.php?rest_route=\/wp\/v2\/pages\/47\/revisions\/488"}],"up":[{"embeddable":true,"href":"http:\/\/www.stgeorg-burgdorf.de\/index.php?rest_route=\/wp\/v2\/pages\/132"}],"wp:featuredmedia":[{"embeddable":true,"href":"http:\/\/www.stgeorg-burgdorf.de\/index.php?rest_route=\/wp\/v2\/media\/334"}],"wp:attachment":[{"href":"http:\/\/www.stgeorg-burgdorf.de\/index.php?rest_route=%2Fwp%2Fv2%2Fmedia&parent=47"}],"curies":[{"name":"wp","href":"https:\/\/api.w.org\/{rel}","templated":true}]}}